ose -24 = -x + 50. What is the tens digit of x?
7
Let u = 44 + 46. What is the units digit of u?
0
Suppose l = 1, -3*i - 4*l + 16 = -5*i. What is the units digit of (-2 - -5) + 19 + i?
6
Let r(g) = g**2 + 9*g - 8. Let u = -19 - -9. What is the units digit of r(u)?
2
Let m(c) = -c**2 + 6*c - 6. Let h be m(4). Suppose h*q + 0*q = 8. Suppose -q*k + 15 = -k. What is the units digit of k?
5
Let v = 62 + -17. What is the tens digit of v?
4
Let y be 3/(-2 - (-22)/8). Suppose q + y*k - 24 = -0*q, k = 5*q - 15. What is the units digit of q/10 - 13/(-5)?
3
Let k(l) be the third derivative of -l**4/6 - l**3/6 + 4*l**2. What is the tens digit of k(-3)?
1
Let j = -5 + 14. Let u(v) = -v**3 + 8*v**2 + 7*v + 12. Let c be u(j). What is the units digit of c/4*4/(-3)?
2
Let q be 1/(((-28)/8)/7). Let r(m) = -16*m - 3. What is the tens digit of r(q)?
2
Suppose 0 = -0*f - 2*f. Suppose -4*z + f*z = -32. What is the units digit of z?
8
Suppose -4*j - 5*s + 15 = 0, -4*s = -3*j + j + 14. Let p = j - -3. What is the units digit of p?
8
Let f be 0/(-2) - (2 + -7). Let t be (4/(-5))/((-1)/f). What is the units digit of t/6 - (-100)/12?
9
Let r = 30 - 18. What is the units digit of 54/r*2*1?
9
Suppose 0 = w - 4*z - 6, 5*w + 9 = -z - 3. Let y = w - -10. Suppose -t - y = -3*t. What is the units digit of t?
4
Let d = -32 + 48. Suppose -5*n + n = -d. What is the units digit of n?
4
Suppose 0 = -5*h - 0*h + 710. Let z = h - 97. Suppose -w = 3*r - 0 - z, 3*r - 30 = 4*w. What is the units digit of r?
4
Let r be 45/12 + 1/4. Suppose 2*m + 3*x = -64, -r*m - 3*x = -0*m + 116. Let y = -14 - m. What is the units digit of y?
2
Suppose -m - 4*b + 0*b = -4, 0 = b - 1. Suppose m = -2*p + 3*p - 18. What is the units digit of p?
8
Suppose 4*z - 25 + 9 = 0. Suppose -5*a + 109 = z*y, 4*y = -a + 18 + 87. What is the tens digit of y?
2
What is the units digit of (-3)/6 - (-35)/10?
3
Let w(x) = -x - 1. Let i be (-2)/2 + -14 + 8. What is the units digit of w(i)?
6
Let x(n) = -5*n**3 + 2*n**2 - 1. Let v be x(1). Let o be ((-12)/(-18))/(v/(-18)). Let m = 5 + o. What is the units digit of m?
8
Let b = 8 + 50. What is the tens digit of b?
5
Let p(s) = -s**3 + 2*s**2 + 5*s - 4. Let r be p(3). Suppose r*t + 3*q = 22, 0*t - 29 = -t + 3*q. What is the tens digit of t?
1
Suppose -1493 = -10*h + 2217. What is the units digit of h?
1
Let h(f) = 2*f**3 + f**2 + f - 1. Let s be h(2). Suppose -5*m = -8*m + s. What is the units digit of m?
7
Let c = 18 - -9. What is the units digit of c?
7
Let m(y) = -y**3 + 7*y**2 - y + 10. Let b be (3/(-9))/(2/(-42)). Let f be m(b). Suppose -10 = -f*g + 14. What is the units digit of g?
8
Let u be (-4)/(-14) + (-46)/14. Let o be 62/u*15/(-10). Let z = o + -18. What is the units digit of z?
3
Let p = 11 + -5. Let i(d) = -d**2 + 5*d - 9. Let n be i(p). What is the units digit of ((-14)/(-21))/((-2)/n)?
5
Suppose 5*q + 2 = -4*x, -q = -2 + 4. Let j(p) = x + p - 3 + 0. What is the units digit of j(3)?
2
Suppose 3*a + a = 40. Let b = a + -22. What is the units digit of (-58)/(-6) + b/18?
9
Suppose 4*n = 2*o + o + 288, -5*n = o - 341. What is the units digit of n?
9
Let v(m) = 99*m. What is the tens digit of v(1)?
9
Suppose 0 = g - 5, 4*u + g + 26 = 3*g. What is the tens digit of u - (-9)/3 - -50?
4
Let f(t) = t**3 + 6*t**2 - 10*t - 11. What is the tens digit of f(-7)?
1
Let h(d) = 7*d**2 - d + 0 + 2 - 1. What is the tens digit of h(2)?
2
Let o(d) = -d**2 - d - 2. Let c be o(0). Let t = c + 4. What is the units digit of t*6/4 + -2?
1
Suppose 4*a + 3*j = 433, -5*a + 542 = 5*j - 2*j. Let q = a + -60. What is the units digit of q?
9
Let h(c) = c**2 + 3*c - 2. Let n be h(1). Suppose -n*z = 1 - 11. What is the units digit of z?
5
Let w(r) = -r**3 - 6*r**2 - 4*r + 5. Let j be w(-5). Suppose -2*k + 4 + 6 = j. What is the units digit of k?
5
Let a = 35 - 17. What is the tens digit of a?
1
Let y = 7 + 24. What is the units digit of y?
1
Let n(m) = -m**2 - 8*m + 8. Let k be n(-9). Let z be 14/(k + -1 - 0). Let u(o) = -o + 7. What is the tens digit of u(z)?
1
Suppose 0*x - 3*x = 24. Let c = x + 28. What is the tens digit of c?
2
Suppose 0 = 8*j - 31 - 297. What is the tens digit of j?
4
What is the units digit of (-21 - -17)*246/(-8)?
3
Let t = -20 + 36. Suppose -1 = 5*v - t. What is the units digit of 2*4 - (-4 + v)?
9
Suppose 0 = -x - 0 + 58. What is the units digit of x?
8
Suppose i - 2 = -2*d, -2*d - 2*d + 28 = -2*i. What is the tens digit of (-110)/i + (-1)/3?
1
Let q(d) = 4*d + 8. What is the tens digit of q(12)?
5
Let g be 6/(-15) + 12/5. Suppose -g*s + 108 = s. Suppose 2*p = -0*p + s. What is the tens digit of p?
1
Suppose 0 = -7*l - 10 + 122. Let j = -1 + -9. Let n = l + j. What is the units digit of n?
6
Let l = 12 + 10. What is the tens digit of l?
2
Let f = 20 + -13. What is the units digit of f?
7
Suppose -2*r + 3*r - 2*z + 9 = 0, -2*r = 3*z - 17. Let s(c) = 6*c**2 - 1. Let b be s(r). What is the units digit of ((-2)/b)/((-2)/10)?
2
Let r(n) = n**3 - 9*n**2 + n - 11. Let p be r(9). What is the units digit of (p/(-10) + -1)*-40?
2
Suppose 5*r + 2*a - 557 = 0, -2*r = -4*r + a + 221. What is the tens digit of r?
1
Suppose 0 = 3*g - 0*g - 9. Let d = g + 5. What is the units digit of d?
8
What is the tens digit of ((-2)/(-7))/((-1)/(-161))?
4
What is the hundreds digit of ((-1062)/(-15))/((-14)/(-35))?
1
Suppose -w - 2*j - 118 = -5*w, 0 = 4*w + j - 103. What is the units digit of w?
7
Suppose -2*t - 260 = -7*t + 5*s, 2*t - 74 = -4*s. What is the units digit of t?
7
Let p be 32/6 + 2/3. Suppose 2*s - 4 = p*s. What is the units digit of s/((-33)/30 + 1)?
0
Let s be 2/4 - (-3)/2. Let k = s + 0. What is the units digit of k?
2
Suppose 3*q = 4*o + 2*q - 230, 2*q + 118 = 2*o. Suppose 5*g - 105 = 3*t + 2*t, 3*g + 3*t - o = 0. What is the tens digit of g?
2
Suppose -19 = -p - 4*o, 4*p + 4*o - 9 = 7. Let g be -3 + -1 + (-1 - p). Let y(n) = n**3 + 3*n**2 - 6*n - 2. What is the units digit of y(g)?
6
Let y be 15/3*(-54)/(-15). Suppose 6*k + y = 8*k. What is the units digit of k?
9
Suppose 0*s + 31 = 5*q - 3*s, -5*s + 39 = 3*q. Suppose 0 = -4*y + q + 12. What is the units digit of y?
5
Let m be 16/6*(-99)/(-44). Suppose -d = -m*d + 100. What is the units digit of d?
0
Let m(b) = 10*b + 1. Suppose -2*c = -6 - 2. Suppose -3*h = 2*h - 10, -5*k - c*h = -13. What is the tens digit of m(k)?
1
Let s = -7 + 11. Let x be 4/(0 + -5*4/(-30)). Suppose -s*b - 2 = -x*b. What is the units digit of b?
1
Let b = 0 - -13. What is the tens digit of b?
1
Let k = -43 - -82. What is the units digit of k?
9
Suppose 15 = -3*i - 21. Let d be (i/9)/((-4)/6). Suppose t - 13 = -d. What is the tens digit of t?
1
Let o(p) = -p**2 + 10*p + 8. Let z be o(9). Suppose 3*i - 4 - z = 0. What is the units digit of i?
7
What is the tens digit of ((-14)/4)/((-38)/228)?
2
Let g = -13 - -25. What is the units digit of g?
2
Suppose -4*u - s + 89 = 0, -3*s - 50 = -4*u + 35. What is the units digit of 4/(u/6 + -3)?
6
Let s(y) = -y. Let l(i) = -i**2 - 4*i - 1. Let r(q) = l(q) + 2*s(q). Suppose 0 = -2*v + 2*c - 8, 5 = -4*c + 1. What is the units digit of r(v)?
4
Suppose x = 2*x - 4. Let t be (12*1)/((-1)/(-2)). Suppose 0*c = x*c - t. What is the units digit of c?
6
Let o(y) = y**3 - 5*y**2 + 3*y + 5. Let l be o(4). Suppose -2*w + 5 + 11 = 0. What is the units digit of l/(-4) - (-26)/w?
3
Let f(o) = -o**3 - 13*o**2 - 15*o + 8. What is the tens digit of f(-12)?
4
Suppose 6*w = w + 20. Suppose 0 = -3*c - 4*t + 5, 0 = -2*c + w*c - 2*t - 8. Let n = 11 - c. What is the units digit of n?
8
Let g be (-2)/7 - (-585)/(-35). Suppose -5*x - y - 170 = 0, -4*x + 4*y + 47 = 207. Let z = g - x. What is the units digit of z?
8
Suppose 0*b + 5*b + 6 = 3*u, 5*b + 2 = u. Suppose -2*v = -b*v - 14. What is the units digit of v?
7
Suppose -2*v - 4*i = -364, -2*v + 504 - 139 = 5*i. What is the units digit of v?
0
Suppose 10 = h + h. Suppose 6*s + 2*a - 36 = 4*s, -h*a = -3*s + 14. What is the tens digit of s?
1
Suppose 2*m = 5*v - 3 + 14, -5*m + 2 = -4*v. Let a(n) = 2*n**2 - n - 1. What is the units digit of a(m)?
9
Suppose 4*o + 29 = -4*q + 161, 3*q = -5*o + 107. What is the tens digit of q?
2
Let c(y) = y**2 + 3*y + 4. Let j be 20 + (-3 - (-1 - 0)). Suppose 5*k = -j + 3. What is the units digit of c(k)?
4
Suppose 32 = -3*b + 5*b. Suppose 0 = x - b. Let w = -1 